{"id":4878,"date":"2025-11-13T16:38:19","date_gmt":"2025-11-13T15:38:19","guid":{"rendered":"https:\/\/swieceharmonii.pl\/?post_type=product&#038;p=4878"},"modified":"2025-11-21T14:21:52","modified_gmt":"2025-11-21T13:21:52","slug":"swieca-sojowa-zapachowa-twoj-indywidualny-zapach","status":"publish","type":"product","link":"https:\/\/swieceharmonii.pl\/?product=swieca-sojowa-zapachowa-twoj-indywidualny-zapach","title":{"rendered":"\u015awieca sojowa zapachowa Tw\u00f3j Indywidualny zapach"},"content":{"rendered":"<p data-start=\"349\" data-end=\"658\"><strong data-start=\"349\" data-end=\"381\">Stw\u00f3rz Sw\u00f3j unikalny AROMAT.<\/strong><br data-start=\"381\" data-end=\"384\" \/>Ta <strong data-start=\"387\" data-end=\"420\">r\u0119cznie robiona \u015bwieca sojowa<\/strong> powstaje specjalnie dla Ciebie \u2014 z zapachu, kt\u00f3ry wsp\u00f3lnie skomponujemy. To propozycja dla tych, kt\u00f3rzy pragn\u0105 czego\u015b osobistego i niepowtarzalnego: aromatu przywo\u0142uj\u0105cego wspomnienia, emocje lub wizj\u0119, kt\u00f3r\u0105 chcesz zamkn\u0105\u0107 w s\u0142oiczku.<\/p>\n<p data-start=\"660\" data-end=\"972\">Ka\u017cda <strong data-start=\"666\" data-end=\"702\">personalizowana \u015bwieca zapachowa<\/strong> to wyj\u0105tkowy projekt \u2013 mo\u017ce by\u0107 inspirowana Twoim ulubionym zapachem, miejscem, por\u0105 roku lub chwil\u0105, kt\u00f3r\u0105 chcesz zatrzyma\u0107. Stworzona z naturalnego wosku sojowego, z dba\u0142o\u015bci\u0105 o detale i harmoni\u0119, stanie si\u0119 nie tylko ozdob\u0105 wn\u0119trza, ale i Twoim prywatnym rytua\u0142em.<\/p>\n<p data-start=\"974\" data-end=\"1098\">Zanim dokonasz zakupu, skontaktuj si\u0119 ze mn\u0105, by wsp\u00f3lnie stworzy\u0107 kompozycj\u0119, kt\u00f3ra najlepiej odda Tw\u00f3j pomys\u0142 i energi\u0119.<\/p>\n<p><strong>Dane techniczne:<\/strong><br \/>\nPojemno\u015b\u0107 wosku: ok.180ml<br \/>\nOlejek: Autorska Kompozycja Olejk\u00f3w Zapachowych<br \/>\nSk\u0142ad: Wosk sojowy, olejki zapachowe<br \/>\nKnot: naturalny drewniany &#8211; bukowy<br \/>\nWieczko: Naturalne drewniane<br \/>\nPojemnik: Szk\u0142o wolne od o\u0142owiu i innych metali ci\u0119\u017ckich &#8211; Produkowane w Polsce<\/p>\n","protected":false},"excerpt":{"rendered":"<p>Je\u015bli chcesz aby \u015bwieca by\u0142a zapakowana na prezent dobierz <a href=\"https:\/\/swieceharmonii.pl\/?product=pakowanie-prezentowe\">opakowanie prezentowe tutaj.<\/a><\/p>\n<p><strong data-start=\"349\" data-end=\"381\">Stw\u00f3rz Sw\u00f3j unikalny AROMAT.<\/strong><\/p>\n","protected":false},"featured_media":4682,"comment_status":"open","ping_status":"closed","template":"","meta":[],"product_brand":[],"product_cat":[25],"product_tag":[],"class_list":{"0":"post-4878","1":"product","2":"type-product","3":"status-publish","4":"has-post-thumbnail","6":"product_cat-swiece-zapachowe","7":"pa_pakowanie-bez-opakowania","8":"pa_pakowanie-kartonik-prezentowy","9":"sales-flash-overlay","10":"woocommerce-text-align-center","11":"woocommerce-image-align-center","12":"do-quantity-buttons","14":"first","15":"onbackorder","16":"shipping-taxable","17":"purchasable","18":"product-type-simple"},"jetpack_sharing_enabled":true,"_links":{"self":[{"href":"https:\/\/swieceharmonii.pl\/index.php?rest_route=\/wp\/v2\/product\/4878","targetHints":{"allow":["GET"]}}],"collection":[{"href":"https:\/\/swieceharmonii.pl\/index.php?rest_route=\/wp\/v2\/product"}],"about":[{"href":"https:\/\/swieceharmonii.pl\/index.php?rest_route=\/wp\/v2\/types\/product"}],"replies":[{"embeddable":true,"href":"https:\/\/swieceharmonii.pl\/index.php?rest_route=%2Fwp%2Fv2%2Fcomments&post=4878"}],"wp:featuredmedia":[{"embeddable":true,"href":"https:\/\/swieceharmonii.pl\/index.php?rest_route=\/wp\/v2\/media\/4682"}],"wp:attachment":[{"href":"https:\/\/swieceharmonii.pl\/index.php?rest_route=%2Fwp%2Fv2%2Fmedia&parent=4878"}],"wp:term":[{"taxonomy":"product_brand","embeddable":true,"href":"https:\/\/swieceharmonii.pl\/index.php?rest_route=%2Fwp%2Fv2%2Fproduct_brand&post=4878"},{"taxonomy":"product_cat","embeddable":true,"href":"https:\/\/swieceharmonii.pl\/index.php?rest_route=%2Fwp%2Fv2%2Fproduct_cat&post=4878"},{"taxonomy":"product_tag","embeddable":true,"href":"https:\/\/swieceharmonii.pl\/index.php?rest_route=%2Fwp%2Fv2%2Fproduct_tag&post=4878"}],"curies":[{"name":"wp","href":"https:\/\/api.w.org\/{rel}","templated":true}]}}