{"id":4853,"date":"2025-11-06T19:06:39","date_gmt":"2025-11-06T18:06:39","guid":{"rendered":"https:\/\/swieceharmonii.pl\/?post_type=product&#038;p=4853"},"modified":"2025-11-06T19:22:39","modified_gmt":"2025-11-06T18:22:39","slug":"swieca-sojowa-zapachowa-nastrojowa-energia","status":"publish","type":"product","link":"https:\/\/swieceharmonii.pl\/?product=swieca-sojowa-zapachowa-nastrojowa-energia","title":{"rendered":"\u015awieca sojowa zapachowa NASTROJOWA ENERGIA"},"content":{"rendered":"<p>\u201eNastrojowa Energia\u201d to <strong data-start=\"1374\" data-end=\"1407\">r\u0119cznie robiona \u015bwieca sojowa<\/strong> o autorskiej, cytrusowej kompozycji z nut\u0105 perfumeryjn\u0105. Po\u0142\u0105czenie bergamotki, grapefruita i paczuli roz\u015bwietla przestrze\u0144, poprawia nastr\u00f3j i dodaje lekko\u015bci ka\u017cdej chwili. Ta <strong data-start=\"1586\" data-end=\"1616\">naturalna \u015bwieca zapachowa<\/strong> wype\u0142nia dom pozytywn\u0105 energi\u0105 i delikatnym blaskiem. Idealna, gdy potrzebujesz chwili oddechu i s\u0142o\u0144ca w codzienno\u015bci.<\/p>\n<p><strong>Dane techniczne:<\/strong><br \/>\nPojemno\u015b\u0107 wosku: ok.180ml<br \/>\nOlejek: Autorska Kompozycja Olejk\u00f3w Zapachowych<br \/>\nSk\u0142ad: Wosk sojowy, olejki zapachowe<br \/>\nKnot: naturalny drewniany &#8211; bukowy<br \/>\nWieczko: Naturalne drewniane<br \/>\nPojemnik: Szk\u0142o wolne od o\u0142owiu i innych metali ci\u0119\u017ckich &#8211; Produkowane w Polsce<\/p>\n","protected":false},"excerpt":{"rendered":"<p>Je\u015bli chcesz aby \u015bwieca by\u0142a zapakowana na prezent dobierz <a href=\"https:\/\/swieceharmonii.pl\/?product=pakowanie-prezentowe\">opakowanie prezentowe tutaj.<\/a><\/p>\n","protected":false},"featured_media":4854,"comment_status":"open","ping_status":"closed","template":"","meta":[],"product_brand":[],"product_cat":[25],"product_tag":[],"class_list":{"0":"post-4853","1":"product","2":"type-product","3":"status-publish","4":"has-post-thumbnail","6":"product_cat-swiece-zapachowe","7":"pa_pakowanie-bez-opakowania","8":"pa_pakowanie-kartonik-prezentowy","9":"sales-flash-overlay","10":"woocommerce-text-align-center","11":"woocommerce-image-align-center","12":"do-quantity-buttons","14":"first","15":"instock","16":"shipping-taxable","17":"purchasable","18":"product-type-simple"},"jetpack_sharing_enabled":true,"_links":{"self":[{"href":"https:\/\/swieceharmonii.pl\/index.php?rest_route=\/wp\/v2\/product\/4853","targetHints":{"allow":["GET"]}}],"collection":[{"href":"https:\/\/swieceharmonii.pl\/index.php?rest_route=\/wp\/v2\/product"}],"about":[{"href":"https:\/\/swieceharmonii.pl\/index.php?rest_route=\/wp\/v2\/types\/product"}],"replies":[{"embeddable":true,"href":"https:\/\/swieceharmonii.pl\/index.php?rest_route=%2Fwp%2Fv2%2Fcomments&post=4853"}],"wp:featuredmedia":[{"embeddable":true,"href":"https:\/\/swieceharmonii.pl\/index.php?rest_route=\/wp\/v2\/media\/4854"}],"wp:attachment":[{"href":"https:\/\/swieceharmonii.pl\/index.php?rest_route=%2Fwp%2Fv2%2Fmedia&parent=4853"}],"wp:term":[{"taxonomy":"product_brand","embeddable":true,"href":"https:\/\/swieceharmonii.pl\/index.php?rest_route=%2Fwp%2Fv2%2Fproduct_brand&post=4853"},{"taxonomy":"product_cat","embeddable":true,"href":"https:\/\/swieceharmonii.pl\/index.php?rest_route=%2Fwp%2Fv2%2Fproduct_cat&post=4853"},{"taxonomy":"product_tag","embeddable":true,"href":"https:\/\/swieceharmonii.pl\/index.php?rest_route=%2Fwp%2Fv2%2Fproduct_tag&post=4853"}],"curies":[{"name":"wp","href":"https:\/\/api.w.org\/{rel}","templated":true}]}}