{"id":3575,"date":"2021-01-14T15:10:54","date_gmt":"2021-01-14T15:10:54","guid":{"rendered":"https:\/\/sites.generatepress.com\/shop\/?page_id=3575"},"modified":"2025-11-14T00:03:09","modified_gmt":"2025-11-13T23:03:09","slug":"home","status":"publish","type":"page","link":"http:\/\/swieceharmonii.pl\/","title":{"rendered":"Home"},"content":{"rendered":"\n<div class=\"gb-element-0ef8463c\">\n<div class=\"gb-element-fee26305\"><\/div>\n\n\n\n<div class=\"gb-element-3115f26c\">\n<div class=\"gb-element-fc2f04e5\">\n<h1 class=\"gb-text gb-text-36354e20\">Sztuka r\u0119kodzie\u0142a \u0142\u0105cz\u0105ca natur\u0119 z elegancj\u0105<\/h1>\n\n\n\n<a class=\"gb-text-6cabe6ec\" href=\"https:\/\/swieceharmonii.pl\/?post_type=product\"><span class=\"gb-text\">Zobacz produkty<\/span><span class=\"gb-shape\"><svg height=\"15\" width=\"15\" xmlns=\"http:\/\/www.w3.org\/2000\/svg\" fill=\"none\"><path stroke=\"currentColor\" d=\"M13.5 7.5l-4-4m4 4l-4 4m4-4H1\"><\/path><\/svg><\/span><\/a>\n<\/div>\n<\/div>\n<\/div>\n\n\n\n<div class=\"gb-element-6e0eb409\">\n<div class=\"gb-element-d69a9a38\">\n<p class=\"gb-text-6cc36fbe\"><span class=\"gb-shape\"><svg xmlns=\"http:\/\/www.w3.org\/2000\/svg\" viewBox=\"0 0 100 100.203\"><path d=\"M96.157 74.348a13.045 13.045 0 00-9.292-3.859h-25.37a9.029 9.029 0 00-2.652-6.262 9.033 9.033 0 00-6.428-2.666l-31.172-.014c-7.923.014-12.369 5.728-15.927 11.102 0 0-4.517 6.848-4.732 7.198-.302.491-1.221 1.987.139 3.07.328.261.756.42 1.206.42.498 0 1.022-.195 1.464-.66.22-.232 5.131-7.905 5.131-7.905 3.272-4.943 6.706-9.379 12.711-9.379h.006l31.172.014a5.214 5.214 0 013.709 1.538 5.216 5.216 0 011.535 3.71 5.214 5.214 0 01-1.538 3.709 5.213 5.213 0 01-3.708 1.535h-.003l-20.224-.007a1.923 1.923 0 100 3.846l20.224.007h.005a9.034 9.034 0 006.426-2.66 9.09 9.09 0 001.884-2.75h26.144a9.223 9.223 0 016.57 2.73 9.24 9.24 0 012.579 4.951L31.11 91.963c-.791.079-6.895.829-9.758 5.275a1.923 1.923 0 003.235 2.083c1.967-3.054 6.878-3.527 6.922-3.531.044-.003.087-.009.13-.016l66.73-10.228a1.924 1.924 0 001.632-1.9 13.075 13.075 0 00-3.844-9.298zM95.874 0H82.987C68.919 0 57.474 11.445 57.474 25.513v11.995c-1.446 1.312-4.524 4.609-6.39 10.23-1.117-2.127-2.383-3.536-3.18-4.296V35.38c0-10.078-8.199-18.277-18.277-18.277h-8.933a1.923 1.923 0 00-1.923 1.923v8.934c0 10.078 8.199 18.277 18.276 18.277h8.224c1.16 1.097 4.281 4.678 4.279 11.44a1.923 1.923 0 103.846.001s-.556-10.73 6.692-17.354h12.195c14.068 0 25.513-11.445 25.513-25.513V1.923A1.922 1.922 0 0095.874 0zM22.618 27.96v-7.01h7.01c7.957 0 14.43 6.473 14.43 14.43v4.291l-8.309-8.309a1.924 1.924 0 00-2.72 2.719l8.309 8.309h-4.291c-7.956 0-14.429-6.473-14.429-14.43zm71.333-13.15c0 11.947-9.72 21.666-21.667 21.666H64.04l13.438-13.439a1.922 1.922 0 10-2.72-2.719L61.321 33.757v-8.244c0-11.947 9.72-21.666 21.667-21.666h10.964V14.81z\"><\/path><\/svg><\/span><span class=\"gb-text\">USDA Certified Organic<\/span><\/p>\n<\/div>\n\n\n\n<div class=\"gb-element-c97f8f76\">\n<p class=\"gb-text-b7c3a948\"><span class=\"gb-shape\"><svg xmlns=\"http:\/\/www.w3.org\/2000\/svg\" viewBox=\"0 0 100 100.759\"><path d=\"M50 64.732c13.81 0 25.046-11.236 25.046-25.046 0-17.231-22.713-38.267-23.68-39.154a2.02 2.02 0 00-2.731 0c-.967.887-23.681 21.924-23.681 39.154 0 13.81 11.236 25.046 25.046 25.046zm.001-59.911C54.86 9.6 71.005 26.474 71.005 39.686c0 11.583-9.423 21.006-21.005 21.006s-21.006-9.423-21.006-21.006c0-13.197 16.147-30.083 21.007-34.865z\"><\/path><path d=\"M50 54.631a2.02 2.02 0 000-4.04c-6.013 0-10.905-4.892-10.905-10.905a2.02 2.02 0 00-4.04 0c0 8.241 6.704 14.945 14.945 14.945z\"><\/path><path d=\"M97.98 48.158H79.536a2.02 2.02 0 000 4.04H95.96v15.643c-5.666.438-8.645 2.672-10.875 4.354-1.416 1.068-2.196 1.625-3.098 1.625-.903 0-1.683-.557-3.098-1.625-2.482-1.872-5.881-4.437-12.895-4.437-7.014 0-10.413 2.564-12.895 4.437-1.415 1.067-2.196 1.624-3.098 1.624-.903 0-1.683-.557-3.098-1.625-2.482-1.872-5.882-4.437-12.895-4.437-7.014 0-10.413 2.564-12.895 4.437-1.416 1.068-2.196 1.625-3.098 1.625-.903 0-1.683-.557-3.098-1.625-2.23-1.682-5.209-3.916-10.874-4.354V52.199h16.423a2.02 2.02 0 000-4.04H2.02A2.02 2.02 0 000 50.179V98.74a2.02 2.02 0 002.02 2.02h95.96a2.02 2.02 0 002.02-2.02V50.178a2.02 2.02 0 00-2.02-2.02zM4.04 96.719V71.891c4.285.398 6.478 2.051 8.441 3.531 1.59 1.199 3.234 2.439 5.531 2.439s3.942-1.24 5.531-2.439c2.25-1.698 4.802-3.622 10.462-3.622s8.211 1.924 10.462 3.622c1.59 1.199 3.234 2.439 5.531 2.439 2.297 0 3.941-1.24 5.531-2.439C57.78 73.724 60.33 71.8 65.991 71.8c5.66 0 8.211 1.924 10.462 3.622 1.59 1.199 3.234 2.439 5.531 2.439s3.942-1.24 5.531-2.439c1.963-1.481 4.157-3.133 8.442-3.531v24.828H4.04z\"><\/path><path d=\"M36.827 84.517h-5.641a2.02 2.02 0 100 4.04h5.641a2.02 2.02 0 000-4.04zM68.814 84.517h-5.641a2.02 2.02 0 100 4.04h5.641a2.02 2.02 0 000-4.04zM79.791 24.599a2.02 2.02 0 002.503 1.376l9.54-2.77a2.02 2.02 0 00-1.127-3.88l-9.54 2.77a2.022 2.022 0 00-1.376 2.504zM76.714 16.339a2.01 2.01 0 001.229-.418l7.82-6.001a2.021 2.021 0 00-2.46-3.206l-7.82 6.001a2.021 2.021 0 001.231 3.624zM8.165 23.206l9.54 2.77a2.02 2.02 0 001.126-3.879l-9.54-2.77a2.02 2.02 0 10-1.126 3.879zM14.237 9.921l7.82 6.001a2.017 2.017 0 002.833-.372 2.021 2.021 0 00-.372-2.833l-7.82-6.001a2.021 2.021 0 00-2.461 3.205z\"><\/path><\/svg><\/span><span class=\"gb-text\">Eco-friendly &amp; Non-Toxic<\/span><\/p>\n<\/div>\n\n\n\n<div class=\"gb-element-8290ece8\">\n<p class=\"gb-text-7f058625\"><span class=\"gb-shape\"><svg xmlns=\"http:\/\/www.w3.org\/2000\/svg\" viewBox=\"0 0 100 100.001\"><path d=\"M78.129 16.163c4.456 0 8.081-3.625 8.081-8.081S82.585.001 78.129.001c-4.456 0-8.081 3.625-8.081 8.081s3.625 8.081 8.081 8.081zm0-12.122c2.228 0 4.04 1.813 4.04 4.04s-1.813 4.04-4.04 4.04c-2.228 0-4.04-1.813-4.04-4.04s1.812-4.04 4.04-4.04zM37.04 50.788a2.02 2.02 0 002.02-2.02v-4.04h4.04a2.02 2.02 0 000-4.04h-4.04v-4.04a2.02 2.02 0 00-4.04 0v4.04h-4.04a2.02 2.02 0 100 4.04h4.04v4.04a2.02 2.02 0 002.02 2.02zM83.8 69.031C80.656 59.812 71.9 53.48 62.063 53.48c-11.692 0-21.372 8.688-22.787 20.092-7.509.911-13.345 7.324-13.345 15.074 0 6.261 5.093 11.354 11.354 11.354h51.36c6.261 0 11.354-5.093 11.354-11.354.001-9.621-6.875-17.831-16.199-19.615zm4.846 26.93h-51.36c-4.033 0-7.314-3.281-7.314-7.314 0-6.131 4.977-11.122 11.103-11.144l.066.001a2.02 2.02 0 002.018-1.929c.459-10.124 8.763-18.054 18.905-18.054 8.47 0 15.967 5.695 18.233 13.85a2.021 2.021 0 001.699 1.464c7.961.983 13.964 7.78 13.964 15.811 0 4.033-3.281 7.315-7.314 7.315zM18.837 11.089c-3.523.717-8.736 4.214-8.736 9.445a2.02 2.02 0 104.04 0c0-2.705 3.204-5.018 5.501-5.485a2.02 2.02 0 00-.805-3.96z\"><\/path><path d=\"M20.162 95.28a43.06 43.06 0 01-2.533-.428c-6.68-1.36-13.589-7.485-13.589-15.384 0-3.773.823-7.229 1.775-11.23 1.196-5.02 2.55-10.709 2.455-18.237.095-7.527-1.259-13.216-2.455-18.237-.952-4.001-1.775-7.457-1.775-11.23 0-7.899 6.909-14.025 13.589-15.384 7.237-1.473 19.465-1.473 26.702 0 6.68 1.359 13.589 7.485 13.589 15.384 0 3.774-.822 7.231-1.775 11.233-.957 4.022-2.041 8.581-2.362 14.146a2.02 2.02 0 001.9 2.133 2.01 2.01 0 002.133-1.9c.3-5.21 1.296-9.396 2.259-13.444.969-4.073 1.884-7.92 1.884-12.168 0-10.34-8.668-17.684-16.823-19.343-7.807-1.588-20.507-1.588-28.314 0C8.668 2.851 0 10.193 0 20.534c0 4.248.916 8.094 1.885 12.166 1.198 5.032 2.437 10.235 2.345 17.275v.053c.092 7.039-1.147 12.243-2.345 17.275C.916 71.374 0 75.22 0 79.468c0 10.34 8.668 17.684 16.823 19.343.838.171 1.772.329 2.775.47a2.021 2.021 0 00.564-4.001zM73.942 36.647c0 7.059 5.743 12.801 12.801 12.801s12.801-5.743 12.801-12.801-5.743-12.801-12.801-12.801c-7.059 0-12.801 5.742-12.801 12.801zm12.801-8.761c4.831 0 8.76 3.93 8.76 8.761 0 4.831-3.93 8.761-8.76 8.761-4.831 0-8.761-3.93-8.761-8.761 0-4.831 3.93-8.761 8.761-8.761z\"><\/path><\/svg><\/span><span class=\"gb-text\">Paraben &amp; Fragrance-Free<\/span><\/p>\n<\/div>\n<\/div>\n\n\n\n<div class=\"gb-element-646c5a27\">\n<div class=\"gb-element-50b243dd\">\n<div class=\"gb-element-0db98fe8\">\n<figure class=\"wp-block-image size-full photo-shadow img\"><img loading=\"lazy\" decoding=\"async\" width=\"600\" height=\"401\" src=\"http:\/\/swieceharmonii.pl\/wp-content\/uploads\/2025\/10\/Swiece-Harmonii_Ewa-Fluder_Andrychow_naturalne-swiece-sojowe_2-kopia-scaled-e1761846618534.jpg\" alt=\"\" class=\"wp-image-4684\"\/><\/figure>\n<\/div>\n\n\n\n<div class=\"gb-element-551db72e\">\n<h2 class=\"gb-text\">Tw\u00f3rczo\u015b\u0107, kt\u00f3ra otula<\/h2>\n\n\n\n<p class=\"gb-text gb-text-8ef49d8d\"><br>R\u0119kodzie\u0142o, kt\u00f3re tworz\u0119 z pasji do wszystkiego, co daje szcz\u0119\u015bcie, wewn\u0119trzny spok\u00f3j i podkre\u015bla wyj\u0105tkowo\u015b\u0107 wa\u017cnych dla Ciebie chwil.<br>To ma\u0142a manufaktura, gdzie produkt ca\u0142kowicie<br>tworzony jest r\u0119cznie. inspiruj\u0105c si\u0119 natur\u0105 i \u017cywio\u0142ami.<br>Z wielk\u0105 pasj\u0105 do produkt\u00f3w dobroczynnych dla<br>naszego zdrowia i intencj\u0105 szerzenia \u015bwiate\u0142ka mi\u0142o\u015bci do chwili, do siebie, do \u017cycia.<\/p>\n<\/div>\n<\/div>\n<\/div>\n\n\n\n<div class=\"gb-element-afccefe6\">\n<div class=\"gb-element-bbe163ef\">\n<p class=\"gb-text gb-text-3149f74e\"><strong>Poznaj Produkt<\/strong>y<\/p>\n<\/div>\n\n\n\n<div class=\"gb-element-b3737bc6\">\n<div class=\"gb-element-c466595c\">\n<div class=\"gb-element-d0b727aa\"><\/div>\n\n\n\n<div class=\"gb-element-1d89fdce\">\n<h3 class=\"gb-text gb-text-cc93f2e7\">\u015awiece Zapachowe<\/h3>\n\n\n\n<a class=\"gb-text-4d72f8ad\" href=\"https:\/\/swieceharmonii.pl\/?product_cat=swiece-zapachowe\"><span class=\"gb-text\">Zobacz<\/span><span class=\"gb-shape\"><svg height=\"15\" width=\"15\" xmlns=\"http:\/\/www.w3.org\/2000\/svg\" fill=\"none\"><path stroke=\"currentColor\" d=\"M13.5 7.5l-4-4m4 4l-4 4m4-4H1\"><\/path><\/svg><\/span><\/a>\n<\/div>\n<\/div>\n\n\n\n<div class=\"gb-element-1c5cffac\">\n<div class=\"gb-element-7215c01e\"><\/div>\n\n\n\n<div class=\"gb-element-ffb48ee0\">\n<h3 class=\"gb-text gb-text-3578748c\">\u015awiece <br>Aromaterapeutyczne<\/h3>\n\n\n\n<a class=\"gb-text-1734fc09\" href=\"https:\/\/swieceharmonii.pl\/?product_cat=swiece-aromaterapia\"><span class=\"gb-text\">Zobacz<\/span><span class=\"gb-shape\"><svg height=\"15\" width=\"15\" xmlns=\"http:\/\/www.w3.org\/2000\/svg\" fill=\"none\"><path stroke=\"currentColor\" d=\"M13.5 7.5l-4-4m4 4l-4 4m4-4H1\"><\/path><\/svg><\/span><\/a>\n<\/div>\n<\/div>\n\n\n\n<div class=\"gb-element-193c01dc\">\n<div class=\"gb-element-59097b86\"><\/div>\n\n\n\n<div class=\"gb-element-3028196a\">\n<h3 class=\"gb-text gb-text-5cee5605\">Bi\u017cuteria<\/h3>\n\n\n\n<a class=\"gb-text-17faa38a\" href=\"https:\/\/swieceharmonii.pl\/?product_cat=bizuteria\"><span class=\"gb-text\">Zobacz<\/span><span class=\"gb-shape\"><svg height=\"15\" width=\"15\" xmlns=\"http:\/\/www.w3.org\/2000\/svg\" fill=\"none\"><path stroke=\"currentColor\" d=\"M13.5 7.5l-4-4m4 4l-4 4m4-4H1\"><\/path><\/svg><\/span><\/a>\n<\/div>\n<\/div>\n<\/div>\n\n\n\n<div class=\"gb-element-0900e7dd\">\n<p class=\"gb-text gb-text-0a620ae1\"><strong>Ostatnie Artyku\u0142y<\/strong><\/p>\n<\/div>\n\n\n\n<div class=\"gb-element-742712be\">\n<div><div class=\"gb-looper-447323e2\">\n<div class=\"gb-loop-item post-4164 post type-post status-publish format-standard has-post-thumbnail hentry category-bez-kategorii generate-columns tablet-grid-50 mobile-grid-100 grid-parent grid-50\">\n<img loading=\"lazy\" decoding=\"async\" width=\"900\" height=\"601\" alt=\"\" data-media-id=\"4769\" class=\"gb-media-e7b900f9\" src=\"http:\/\/swieceharmonii.pl\/wp-content\/uploads\/2021\/04\/Swiece-Harmonii_Ewa-Fluder_Andrychow_naturalne-swiece-sojowe_3-kopia-scaled-e1761923341621.jpg\"\/>\n\n\n\n<h2 class=\"gb-text gb-text-a6acc4f6\"><a href=\"http:\/\/swieceharmonii.pl\/?p=4164\">Olejki naturalne vs syntetyczne \u2014 co wybra\u0107?<\/a><\/h2>\n\n\n\n<p class=\"gb-text gb-text-9434196c\">2023-01-09<\/p>\n<\/div>\n\n<div class=\"gb-loop-item post-4168 post type-post status-publish format-standard has-post-thumbnail hentry category-bez-kategorii generate-columns tablet-grid-50 mobile-grid-100 grid-parent grid-50\">\n<img loading=\"lazy\" decoding=\"async\" width=\"900\" height=\"602\" alt=\"\" data-media-id=\"4776\" class=\"gb-media-e7b900f9\" src=\"http:\/\/swieceharmonii.pl\/wp-content\/uploads\/2021\/02\/20241024_174818-01-scaled-e1761918872538.jpeg\"\/>\n\n\n\n<h2 class=\"gb-text gb-text-a6acc4f6\"><a href=\"http:\/\/swieceharmonii.pl\/?p=4168\">Aromaterapia w praktyce &#8211; w\u0142a\u015bciwo\u015bci olejk\u00f3w<\/a><\/h2>\n\n\n\n<p class=\"gb-text gb-text-9434196c\">2022-12-20<\/p>\n<\/div>\n\n<div class=\"gb-loop-item post-3957 post type-post status-publish format-standard has-post-thumbnail hentry category-bez-kategorii generate-columns tablet-grid-50 mobile-grid-100 grid-parent grid-50\">\n<img loading=\"lazy\" decoding=\"async\" width=\"900\" height=\"601\" alt=\"\" data-media-id=\"4683\" class=\"gb-media-e7b900f9\" src=\"http:\/\/swieceharmonii.pl\/wp-content\/uploads\/2025\/10\/Swiece-Harmonii_Ewa-Fluder_Andrychow_naturalne-swiece-sojowe_10-kopia-edited-scaled-e1761870454509.jpg\"\/>\n\n\n\n<h2 class=\"gb-text gb-text-a6acc4f6\"><a href=\"http:\/\/swieceharmonii.pl\/?p=3957\">\u015awiece rzemie\u015blnicze &#8211; czy to dobry wyb\u00f3r?<\/a><\/h2>\n\n\n\n<p class=\"gb-text gb-text-9434196c\">2022-12-01<\/p>\n<\/div>\n<\/div><\/div>\n<\/div>\n<\/div>\n\n\n\n<div class=\"gb-element-befb30de\">\n<div class=\"gb-element-fa08d85b\"><\/div>\n\n\n\n<div class=\"gb-element-cc68b42f\">\n<div class=\"gb-element-e076f4c7\">\n<div class=\"gb-element-4f24f3c3\">\n<h2 class=\"gb-text gb-text-07a56db6\">Do\u0142\u0105cz do \u015awiata Harmonii<\/h2>\n\n\n\n<p class=\"gb-text gb-text-1e099219\"><span data-font=\"Montserrat\" class=\"mailpoet-has-font\" style=\"font-family: Montserrat\">Otrzymaj zni\u017ck\u0119 specjaln\u0105 na pierwsze zakupy i b\u0105d\u017a na bie\u017c\u0105co <\/span><br><span data-font=\"Montserrat\" class=\"mailpoet-has-font\" style=\"font-family: Montserrat\">z naszymi najnowszymi produktami i ofertami!<\/span><\/p>\n<\/div>\n\n\n\n<div class=\"gb-element-2cce0925\">  \n  \n  <div class=\"\n    mailpoet_form_popup_overlay\n      \"><\/div>\n  <div\n    id=\"mailpoet_form_2\"\n    class=\"\n      mailpoet_form\n      mailpoet_form_html\n      mailpoet_form_position_\n      mailpoet_form_animation_\n    \"\n      >\n\n    <style type=\"text\/css\">\n     #mailpoet_form_2 .mailpoet_form {  }\n#mailpoet_form_2 form { margin-bottom: 0; }\n#mailpoet_form_2 p.mailpoet_form_paragraph.last { margin-bottom: 10px; }\n#mailpoet_form_2 .mailpoet_column_with_background { padding: 10px; }\n#mailpoet_form_2 .mailpoet_form_column:not(:first-child) { margin-left: 20px; }\n#mailpoet_form_2 .mailpoet_paragraph { line-height: 20px; margin-bottom: 20px; }\n#mailpoet_form_2 .mailpoet_form_paragraph  last { margin-bottom: 0px; }\n#mailpoet_form_2 .mailpoet_segment_label, #mailpoet_form_2 .mailpoet_text_label, #mailpoet_form_2 .mailpoet_textarea_label, #mailpoet_form_2 .mailpoet_select_label, #mailpoet_form_2 .mailpoet_radio_label, #mailpoet_form_2 .mailpoet_checkbox_label, #mailpoet_form_2 .mailpoet_list_label, #mailpoet_form_2 .mailpoet_date_label { display: block; font-weight: normal; }\n#mailpoet_form_2 .mailpoet_text, #mailpoet_form_2 .mailpoet_textarea, #mailpoet_form_2 .mailpoet_select, #mailpoet_form_2 .mailpoet_date_month, #mailpoet_form_2 .mailpoet_date_day, #mailpoet_form_2 .mailpoet_date_year, #mailpoet_form_2 .mailpoet_date { display: block; }\n#mailpoet_form_2 .mailpoet_text, #mailpoet_form_2 .mailpoet_textarea { width: 200px; }\n#mailpoet_form_2 .mailpoet_checkbox {  }\n#mailpoet_form_2 .mailpoet_submit {  }\n#mailpoet_form_2 .mailpoet_divider {  }\n#mailpoet_form_2 .mailpoet_message {  }\n#mailpoet_form_2 .mailpoet_form_loading { width: 30px; text-align: center; line-height: normal; }\n#mailpoet_form_2 .mailpoet_form_loading > span { width: 5px; height: 5px; background-color: #5b5b5b; }\n#mailpoet_form_2 h2.mailpoet-heading { margin: 0 0 20px 0; }\n#mailpoet_form_2 h1.mailpoet-heading { margin: 0 0 10px; }#mailpoet_form_2{border-radius: 2px;text-align: left;}#mailpoet_form_2 form.mailpoet_form {padding: 30px;}#mailpoet_form_2{width: 100%;}#mailpoet_form_2 .mailpoet_message {margin: 0; padding: 0 20px;}\n        #mailpoet_form_2 .mailpoet_validate_success {color: #00d084}\n        #mailpoet_form_2 input.parsley-success {color: #00d084}\n        #mailpoet_form_2 select.parsley-success {color: #00d084}\n        #mailpoet_form_2 textarea.parsley-success {color: #00d084}\n      \n        #mailpoet_form_2 .mailpoet_validate_error {color: #cf2e2e}\n        #mailpoet_form_2 input.parsley-error {color: #cf2e2e}\n        #mailpoet_form_2 select.parsley-error {color: #cf2e2e}\n        #mailpoet_form_2 textarea.textarea.parsley-error {color: #cf2e2e}\n        #mailpoet_form_2 .parsley-errors-list {color: #cf2e2e}\n        #mailpoet_form_2 .parsley-required {color: #cf2e2e}\n        #mailpoet_form_2 .parsley-custom-error-message {color: #cf2e2e}\n      #mailpoet_form_2 .mailpoet_paragraph.last {margin-bottom: 0} @media (max-width: 500px) {#mailpoet_form_2 {background-image: none;}} @media (min-width: 500px) {#mailpoet_form_2 .last .mailpoet_paragraph:last-child {margin-bottom: 0}}  @media (max-width: 500px) {#mailpoet_form_2 .mailpoet_form_column:last-child .mailpoet_paragraph:last-child {margin-bottom: 0}} \n    <\/style>\n\n    <form\n      target=\"_self\"\n      method=\"post\"\n      action=\"http:\/\/swieceharmonii.pl\/wp-admin\/admin-post.php?action=mailpoet_subscription_form\"\n      class=\"mailpoet_form mailpoet_form_form mailpoet_form_html\"\n      novalidate\n      data-delay=\"\"\n      data-exit-intent-enabled=\"\"\n      data-font-family=\"\"\n      data-cookie-expiration-time=\"\"\n    >\n      <input type=\"hidden\" name=\"data[form_id]\" value=\"2\" \/>\n      <input type=\"hidden\" name=\"token\" value=\"d761439bc1\" \/>\n      <input type=\"hidden\" name=\"api_version\" value=\"v1\" \/>\n      <input type=\"hidden\" name=\"endpoint\" value=\"subscribers\" \/>\n      <input type=\"hidden\" name=\"mailpoet_method\" value=\"subscribe\" \/>\n\n      <label class=\"mailpoet_hp_email_label\" style=\"display: none !important;\">Zostaw to pole puste<input type=\"email\" name=\"data[email]\"\/><\/label><div class=\"mailpoet_paragraph \"><input type=\"text\" autocomplete=\"given-name\" class=\"mailpoet_text\" id=\"form_first_name_2\" name=\"data[form_field_ZjBkNTUyMWQzOGRjX2ZpcnN0X25hbWU=]\" title=\"Imi\u0119\" value=\"\" style=\"width:100%;box-sizing:border-box;padding:15px;margin: 0 auto 0 0;font-family:&#039;Montserrat&#039;;font-size:16px;line-height:1.5;height:auto;\" data-automation-id=\"form_first_name\"  placeholder=\"Imi\u0119\" aria-label=\"Imi\u0119\" data-parsley-errors-container=\".mailpoet_error_1hdwq\" data-parsley-names='[&quot;Podaj prawid\u0142ow\u0105 nazw\u0119.&quot;,&quot;Adresy w nazwach s\u0105 niedozwolone, zamiast tego dodaj swoje imi\u0119 i nazwisko.&quot;]'\/><span class=\"mailpoet_error_1hdwq\"><\/span><\/div>\n<div class=\"mailpoet_paragraph \"><input type=\"email\" autocomplete=\"email\" class=\"mailpoet_text\" id=\"form_email_2\" name=\"data[form_field_MzNlYTgwMGM5MGNiX2VtYWls]\" title=\"Adres email\" value=\"\" style=\"width:100%;box-sizing:border-box;background-color:#ffffff;border-style:solid;border-radius:0px !important;border-width:1px;border-color:#313131;padding:15px;margin: 0 auto 0 0;font-family:&#039;Montserrat&#039;;font-size:16px;line-height:1.5;height:auto;\" data-automation-id=\"form_email\"  placeholder=\"Adres email *\" aria-label=\"Adres email *\" data-parsley-errors-container=\".mailpoet_error_cw5ul\" data-parsley-required=\"true\" required aria-required=\"true\" data-parsley-minlength=\"6\" data-parsley-maxlength=\"150\" data-parsley-type-message=\"Ta warto\u015b\u0107 powinna by\u0107 prawid\u0142owym adresem e-mail.\" data-parsley-required-message=\"To pole jest wymagane.\"\/><span class=\"mailpoet_error_cw5ul\"><\/span><\/div>\n<div class=\"mailpoet_paragraph \"><input type=\"submit\" class=\"mailpoet_submit\" value=\"Do\u0142aczam!\" data-automation-id=\"subscribe-submit-button\" data-font-family='Montserrat' style=\"width:100%;box-sizing:border-box;background-color:#000000;border-style:solid;border-radius:2px !important;border-width:1px;border-color:#313131;padding:15px;margin: 0 auto 0 0;font-family:&#039;Montserrat&#039;;font-size:16px;line-height:1.5;height:auto;color:#ffffff;font-weight:bold;\" \/><span class=\"mailpoet_form_loading\"><span class=\"mailpoet_bounce1\"><\/span><span class=\"mailpoet_bounce2\"><\/span><span class=\"mailpoet_bounce3\"><\/span><\/span><\/div>\n<p class=\"mailpoet_form_paragraph  mailpoet-has-font-size\" style=\"text-align: center; font-size: 10px; line-height: 1.5\"><em>Nie spamujemy! Przeczytaj nasz\u0105 <a target=\"_blank\" href=\"https:\/\/swieceharmonii.pl\/?page_id=3\">polityk\u0119 prywatno\u015bci<\/a>, aby uzyska\u0107 wi\u0119cej informacji.<\/em><\/p>\n\n      <div class=\"mailpoet_message\">\n        <p class=\"mailpoet_validate_success\"\n                style=\"display:none;\"\n                >Sprawd\u017a swoj\u0105 skrzynk\u0119 odbiorcz\u0105 albo katalog spam i potwierd\u017a swoj\u0105 subskrypcj\u0119.\n        <\/p>\n        <p class=\"mailpoet_validate_error\"\n                style=\"display:none;\"\n                >        <\/p>\n      <\/div>\n    <\/form>\n\n      <\/div>\n\n  <\/div>\n<\/div>\n<\/div>\n<\/div>\n","protected":false},"excerpt":{"rendered":"<p>Sztuka r\u0119kodzie\u0142a \u0142\u0105cz\u0105ca natur\u0119 z elegancj\u0105 Zobacz produkty USDA Certified Organic Eco-friendly &amp; Non-Toxic Paraben &amp; Fragrance-Free Tw\u00f3rczo\u015b\u0107, kt\u00f3ra otula R\u0119kodzie\u0142o, kt\u00f3re &#8230; <a title=\"Home\" class=\"read-more\" href=\"http:\/\/swieceharmonii.pl\/\" aria-label=\"Dowiedz si\u0119 wi\u0119cej o Home\">Czytaj dalej<\/a><\/p>\n","protected":false},"author":2,"featured_media":0,"parent":0,"menu_order":0,"comment_status":"closed","ping_status":"closed","template":"","meta":{"footnotes":""},"class_list":["post-3575","page","type-page","status-publish"],"jetpack_sharing_enabled":true,"_links":{"self":[{"href":"http:\/\/swieceharmonii.pl\/index.php?rest_route=\/wp\/v2\/pages\/3575","targetHints":{"allow":["GET"]}}],"collection":[{"href":"http:\/\/swieceharmonii.pl\/index.php?rest_route=\/wp\/v2\/pages"}],"about":[{"href":"http:\/\/swieceharmonii.pl\/index.php?rest_route=\/wp\/v2\/types\/page"}],"author":[{"embeddable":true,"href":"http:\/\/swieceharmonii.pl\/index.php?rest_route=\/wp\/v2\/users\/2"}],"replies":[{"embeddable":true,"href":"http:\/\/swieceharmonii.pl\/index.php?rest_route=%2Fwp%2Fv2%2Fcomments&post=3575"}],"version-history":[{"count":13,"href":"http:\/\/swieceharmonii.pl\/index.php?rest_route=\/wp\/v2\/pages\/3575\/revisions"}],"predecessor-version":[{"id":4895,"href":"http:\/\/swieceharmonii.pl\/index.php?rest_route=\/wp\/v2\/pages\/3575\/revisions\/4895"}],"wp:attachment":[{"href":"http:\/\/swieceharmonii.pl\/index.php?rest_route=%2Fwp%2Fv2%2Fmedia&parent=3575"}],"curies":[{"name":"wp","href":"https:\/\/api.w.org\/{rel}","templated":true}]}}